{"id":327,"date":"2020-12-04T07:49:36","date_gmt":"2020-12-04T07:49:36","guid":{"rendered":"https:\/\/www.goodwall.io\/bettertogetherafrica\/?page_id=327"},"modified":"2020-12-04T07:49:36","modified_gmt":"2020-12-04T07:49:36","slug":"ressources","status":"publish","type":"page","link":"https:\/\/www.goodwall.io\/bettertogetherafrica\/fr\/ressources\/","title":{"rendered":"Ressources"},"content":{"rendered":"\n<p>Pour compl\u00e9ter les diff\u00e9rents d\u00e9fis et les sessions d&#8217;intervenants qui composent le programme <a href=\"https:\/\/www.goodwall.io\/bettertogetherafrica\/fr\/fr-program\/\">MieuxEnsembleAfrique<\/a>, nous avons cr\u00e9\u00e9 un contenu pertinent li\u00e9 \u00e0 chaque sujet et sous-th\u00e8me individuel.<\/p>\n\n\n\n<p>De plus, si vous avez manqu\u00e9 une session ou si vous voulez tout voir, vous trouverez ci-dessous des liens vers chaque vid\u00e9o, ainsi que des versions audio et des transcriptions en texte.<\/p>\n\n\n\n<div style=\"height:20px\" aria-hidden=\"true\" class=\"wp-block-spacer\"><\/div>\n\n\n\n<h2 class=\"has-large-font-size wp-block-heading\">1. Sant\u00e9 mentale et bien-\u00eatre<\/h2>\n\n\n\n<div style=\"height:20px\" aria-hidden=\"true\" class=\"wp-block-spacer\"><\/div>\n\n\n\n<p><strong>Liens vers la session d&#8217;allocution principale<\/strong>: Vid\u00e9o &#8211; Audio &#8211; Transcription du texte [EN] &#8211; Transcription du texte [FR]<\/p>\n\n\n\n<h3 class=\"has-medium-font-size wp-block-heading\">A. Jeunesse en mouvement<\/h3>\n\n\n\n<p><strong>Liens vers les sessions d&#8217;intervention<\/strong>: Vid\u00e9o &#8211; Audio &#8211; Transcription du texte [EN] &#8211; Transcription du texte [FR]<\/p>\n\n\n\n<p><a href=\"https:\/\/www.youtube.com\/playlist?list=PLypiJrod4Dehhj8E8Wxp-g1muiMEa9z1Y\" target=\"_blank\" rel=\"noreferrer noopener\">Getting and Staying Well for Congolese Refugees<\/a> (6-part video series) &#8211; US Office of Refugee Resettlement<\/p>\n\n\n\n<p><a href=\"https:\/\/refugeehealthta.org\/physical-mental-health\/mental-health\/youth-and-mental-health\/\" target=\"_blank\" rel=\"noreferrer noopener\">Refugee Youth and Mental Health Resources<\/a> &#8211; Refugee Health Technical Assistance Center (RHTAC)<\/p>\n\n\n\n<p><a href=\"https:\/\/www.theguardian.com\/global-development\/2020\/jul\/02\/i-saw-so-much-killing-the-mental-health-crisis-of-south-sudan-refugees\" target=\"_blank\" rel=\"noreferrer noopener\">\u2018I saw so much killing\u2019: how therapy is helping South Sudan&#8217;s refugees<\/a> &#8211; Guardian<\/p>\n\n\n\n<p><a href=\"https:\/\/www.nature.com\/articles\/d41586-020-01408-3\" target=\"_blank\" rel=\"noreferrer noopener\">How young refugees\u2019 traumatic pasts shape their mental health<\/a> &#8211; Nature<\/p>\n\n\n\n<p><a href=\"https:\/\/doi.org\/10.3998\/jmmh.10381607.0009.101\" target=\"_blank\" rel=\"noreferrer noopener\">African Refugee Youths\u2019 Stories of Surviving Trauma and Transition in U.S. Public Schools<\/a> &#8211; Journal of Muslim Mental Health<\/p>\n\n\n\n<p><a href=\"https:\/\/www.mentalhealth.org.uk\/statistics\/mental-health-statistics-refugees-and-asylum-seekers\" target=\"_blank\" rel=\"noreferrer noopener\">Mental health statistics for refugees and asylum seekers<\/a> &#8211; Mental Health UK<\/p>\n\n\n\n<h3 class=\"has-medium-font-size wp-block-heading\">B. Paix et r\u00e9solution des conflits<\/h3>\n\n\n\n<p><strong>Liens vers les sessions d&#8217;intervention<\/strong>: Vid\u00e9o &#8211; Audio &#8211; Transcription du texte [EN] &#8211; Transcription du texte [FR]<\/p>\n\n\n\n<p><a href=\"https:\/\/elemental.medium.com\/7-organizations-that-support-black-wellness-d2877c977e6c\" target=\"_blank\" rel=\"noreferrer noopener\">7 Organizations That Support Black Wellness<\/a> &#8211; Elemental<\/p>\n\n\n\n<p><a href=\"http:\/\/www.widersecurity.fi\/uploads\/1\/3\/3\/8\/13383775\/youth_report.pdf\" target=\"_blank\" rel=\"noreferrer noopener\">The Role of Youth in Conflict Prevention in Southern Africa<\/a> &#8211; Civil Society Conflict Prevention Network KATU<\/p>\n\n\n\n<p><a href=\"https:\/\/undocs.org\/en\/S\/2018\/86\" target=\"_blank\" rel=\"noreferrer noopener\">UN Progress Study on Youth, Peace and Security 2015<\/a> &#8211; United Nations GA<\/p>\n\n\n\n<p><a href=\"https:\/\/msf.or.ke\/sw\/magazine\/mental-health-africa-why-it-matters-young-people\" target=\"_blank\" rel=\"noreferrer noopener\">Mental health in Africa: Why it matters for young people<\/a> &#8211; Medecins Sans Frontieres<\/p>\n\n\n\n<p><a href=\"https:\/\/www.weforum.org\/agenda\/2020\/10\/7-ways-young-people-making-a-difference-mental-health\/\" target=\"_blank\" rel=\"noreferrer noopener\">7 ways young people are making a difference in mental health<\/a> &#8211; World Economic Forum<\/p>\n\n\n\n<p><a href=\"https:\/\/www.globalcitizen.org\/en\/content\/5-tech-tools-mental-health-low-income-countries\/\" target=\"_blank\" rel=\"noreferrer noopener\">5 Tech Tools Improving Access to Mental Health Care in Low- and Middle-Income Countries<\/a> &#8211; Global Citizen<\/p>\n\n\n\n<p><a href=\"https:\/\/www.economist.com\/middle-east-and-africa\/2020\/06\/18\/how-winning-big-football-matches-promotes-peace\" target=\"_blank\" rel=\"noreferrer noopener\">How winning big football matches promotes peace<\/a> &#8211; The Economist<\/p>\n\n\n\n<p><a href=\"https:\/\/www.bizcommunity.com\/Article\/196\/336\/210872.html\" target=\"_blank\" rel=\"noreferrer noopener\">Prioritising wellness to retain young healthcare professionals<\/a> &#8211; BixCommunity<\/p>\n\n\n\n<p><a href=\"https:\/\/theconversation.com\/getting-people-more-active-is-key-to-better-health-here-are-8-areas-for-investment-149558\" target=\"_blank\" rel=\"noreferrer noopener\">Getting people more active is key to better health: here are 8 areas for investment<\/a> &#8211; The Conversation<\/p>\n\n\n\n<div style=\"height:20px\" aria-hidden=\"true\" class=\"wp-block-spacer\"><\/div>\n\n\n\n<h2 class=\"has-large-font-size wp-block-heading\">2. Autonomisation des femmes et des filles<\/h2>\n\n\n\n<div style=\"height:20px\" aria-hidden=\"true\" class=\"wp-block-spacer\"><\/div>\n\n\n\n<p><strong>Liens vers la session d&#8217;allocution principale<\/strong>: Vid\u00e9o &#8211; Audio &#8211; Transcription du texte [EN] &#8211; Transcription du texte [FR]<\/p>\n\n\n\n<h3 class=\"has-medium-font-size wp-block-heading\">A. Jeunesse en mouvement<\/h3>\n\n\n\n<p><strong>Liens vers les sessions d&#8217;intervention<\/strong>: Vid\u00e9o &#8211; Audio &#8211; Transcription du texte [EN] &#8211; Transcription du texte [FR]<\/p>\n\n\n\n<p><a href=\"https:\/\/www.rescue.org\/article\/womens-rights-are-advancing-are-refugees-being-left-behind\" target=\"_blank\" rel=\"noreferrer noopener\">Women\u2019s rights are advancing\u2014but are refugees being left behind?<\/a> &#8211; International Rescue Committee<\/p>\n\n\n\n<p><a href=\"https:\/\/www.un.org\/africarenewal\/magazine\/december-2018-march-2019\/african-migrants-keen-retain-their-cultural-values-abroad\" target=\"_blank\" rel=\"noreferrer noopener\">African migrants keen to retain their cultural values abroad<\/a> &#8211; Africa Renewal<\/p>\n\n\n\n<p><a href=\"https:\/\/www.theguardian.com\/artanddesign\/2020\/sep\/01\/its-about-finding-a-place-stunning-portraits-of-women-affected-by-the-refugee-crisis\" target=\"_blank\" rel=\"noreferrer noopener\">&#8216;It&#8217;s about finding a place&#8217;: stunning portraits of women affected by the refugee crisis<\/a> &#8211; The Guardian<\/p>\n\n\n\n<p><a href=\"https:\/\/www.unhcr.org\/news\/stories\/2020\/9\/5f59d6914\/activist-turns-adversity-fresh-start-refugee-women.html\" target=\"_blank\" rel=\"noreferrer noopener\">Activist turns adversity into a fresh start for refugee women<\/a> &#8211; UNHCR<\/p>\n\n\n\n<h3 class=\"has-medium-font-size wp-block-heading\">B. Paix et r\u00e9solution des conflits<\/h3>\n\n\n\n<p><strong>Liens vers les sessions d&#8217;intervention<\/strong>: Vid\u00e9o &#8211; Audio &#8211; Transcription du texte [EN] &#8211; Transcription du texte [FR]<\/p>\n\n\n\n<p><a href=\"https:\/\/www.rescue.org\/article\/these-womens-rights-activists-uganda-are-demanding-better\" target=\"_blank\" rel=\"noreferrer noopener\">These women\u2019s rights activists in Uganda are demanding better<\/a> &#8211; International Rescue Committee<\/p>\n\n\n\n<p><a href=\"https:\/\/theconversation.com\/study-sheds-light-on-what-it-takes-for-women-to-succeed-or-not-in-science-in-africa-147921\" target=\"_blank\" rel=\"noreferrer noopener\">Study sheds light on what it takes for women to succeed \u2013 or not \u2013 in science in Africa<\/a> &#8211; The Conversation<\/p>\n\n\n\n<p><a href=\"http:\/\/www.ipsnews.net\/2020\/10\/feminist-perspective-middle-east-north-africa-covid-19-pandemic\/\" target=\"_blank\" rel=\"noreferrer noopener\">A Feminist Perspective from Middle East &amp; North Africa on the COVID-19 Pandemic<\/a> &#8211; Farah Daibes<\/p>\n\n\n\n<p><a href=\"https:\/\/thecrestng.com\/2020\/11\/25\/aisha-yesufu-ikpe-etim-make-bbcs-100-most-influential-women-list\/\" target=\"_blank\" rel=\"noreferrer noopener\">Aisha Yesufu, Ikpe-Etim Make BBC\u2019s 100 Most Influential Women List<\/a> &#8211; The Crest Nigeria<\/p>\n\n\n\n<p><a href=\"https:\/\/www.modernghana.com\/news\/1045394\/weve-had-enough-of-violence-against-women-and.html\" target=\"_blank\" rel=\"noreferrer noopener\">\u201cWe\u2019ve Had Enough Of Violence Against Women And Girls. It\u2019s Time For Justice.\u201d&#8212;New UNFPA Goodwill Ambassador Isha Sesay<\/a> &#8211; Modern Ghana<\/p>\n\n\n\n<p><a href=\"https:\/\/www.economist.com\/middle-east-and-africa\/2020\/11\/14\/egyptian-women-speak-up-about-sex-crimes\" target=\"_blank\" rel=\"noreferrer noopener\">Egyptian women speak up about sex crimes<\/a> &#8211; The Economist<\/p>\n\n\n\n<p><a href=\"https:\/\/www.borgenmagazine.com\/female-focused-poverty-response\/\" target=\"_blank\" rel=\"noreferrer noopener\">CARE: A Female-Focused Poverty Response<\/a> &#8211; Borgen Magazine<\/p>\n\n\n\n<p><a href=\"https:\/\/www.opendemocracy.net\/en\/womens-entrepreneurial-journeys\/nigerias-lady-mechanics-show-how-young-african-women-can-be-empowered\/\" target=\"_blank\" rel=\"noreferrer noopener\">Nigeria\u2019s female mechanics show how young African women can be empowered<\/a> &#8211; openDemocracy<\/p>\n\n\n\n<p><a href=\"https:\/\/moderndiplomacy.eu\/2020\/10\/31\/women-leaders-essential-to-peace-and-progress-for-all\/\" target=\"_blank\" rel=\"noreferrer noopener\">Women leaders \u2018essential to peace and progress for all\u2019<\/a> &#8211; ModernDiplomacy<\/p>\n\n\n\n<div style=\"height:20px\" aria-hidden=\"true\" class=\"wp-block-spacer\"><\/div>\n\n\n\n<h2 class=\"has-large-font-size wp-block-heading\">3. Emploi<\/h2>\n\n\n\n<div style=\"height:20px\" aria-hidden=\"true\" class=\"wp-block-spacer\"><\/div>\n\n\n\n<p><strong>Liens vers la session d&#8217;allocution principale<\/strong>: Vid\u00e9o &#8211; Audio &#8211; Transcription du texte [EN] &#8211; Transcription du texte [FR]<\/p>\n\n\n\n<h3 class=\"has-medium-font-size wp-block-heading\">A. Jeunesse en mouvement<\/h3>\n\n\n\n<p><strong>Liens vers les sessions d&#8217;intervention<\/strong>: Vid\u00e9o &#8211; Audio &#8211; Transcription du texte [EN] &#8211; Transcription du texte [FR]<\/p>\n\n\n\n<p><a href=\"https:\/\/www.infomigrants.net\/en\/post\/25556\/italy-gamified-app-assists-migrants-with-job-search\" target=\"_blank\" rel=\"noreferrer noopener\">Gamified app assists migrants with job search<\/a> &#8211; InfoMigrants<\/p>\n\n\n\n<p><a href=\"https:\/\/reliefweb.int\/report\/egypt\/egypt-response-plan-refugees-and-asylum-seekers-sub-saharan-africa-iraq-yemen-2020\" target=\"_blank\" rel=\"noreferrer noopener\">Egypt Response Plan for Refugees and Asylum-Seekers from Sub-Saharan Africa, Iraq &amp; Yemen 2020<\/a> &#8211; Reliefweb<\/p>\n\n\n\n<h3 class=\"has-medium-font-size wp-block-heading\">B. Paix et r\u00e9solution des conflits<\/h3>\n\n\n\n<p><strong>Liens vers les sessions d&#8217;intervention<\/strong>: Vid\u00e9o &#8211; Audio &#8211; Transcription du texte [EN] &#8211; Transcription du texte [FR]<\/p>\n\n\n\n<p><a href=\"https:\/\/news.microsoft.com\/features\/free-online-digital-skills-courses-revive-hope-and-careers-for-millions-amid-the-pandemic\/\" target=\"_blank\" rel=\"noreferrer noopener\">Free online digital skills courses revive hope and careers for millions amid the pandemic<\/a> &#8211; Microsoft<\/p>\n\n\n\n<p><a href=\"https:\/\/africa.cgtn.com\/2020\/11\/26\/cameroon-targets-creation-of-500000-jobs-next-year\/\" target=\"_blank\" rel=\"noreferrer noopener\">Cameroon targets creation of 500,000 jobs next year<\/a> &#8211; CGTN Africa<\/p>\n\n\n\n<p><a href=\"https:\/\/businesstech.co.za\/news\/government\/448841\/governments-plan-to-create-800000-jobs-in-south-africa-where-its-hiring-and-how-to-apply\/\" target=\"_blank\" rel=\"noreferrer noopener\">Government\u2019s plan to create 800,000 jobs in South Africa \u2013 where it\u2019s hiring and how to apply<\/a> &#8211; BusinessTech South Africa<\/p>\n\n\n\n<p><a href=\"https:\/\/businesstech.co.za\/news\/business\/444507\/these-3-projects-will-create-over-66000-jobs-in-south-africa\/\" target=\"_blank\" rel=\"noreferrer noopener\">These 3 projects will create over 66,000 jobs in South Africa<\/a> &#8211; BusinessTech South Africa<br><a href=\"https:\/\/africa.cgtn.com\/2020\/11\/20\/kenya-to-nurture-scientific-talent-in-creating-wealth-employment\/\" target=\"_blank\" rel=\"noreferrer noopener\">Kenya to nurture scientific talent in creating wealth, employment<\/a> &#8211; CGTN Africa<\/p>\n\n\n\n<div style=\"height:20px\" aria-hidden=\"true\" class=\"wp-block-spacer\"><\/div>\n\n\n\n<h2 class=\"has-large-font-size wp-block-heading\">4. Entrepreneuriat et innovation<\/h2>\n\n\n\n<div style=\"height:20px\" aria-hidden=\"true\" class=\"wp-block-spacer\"><\/div>\n\n\n\n<p><strong>Liens vers la session d&#8217;allocution principale<\/strong>: Vid\u00e9o &#8211; Audio &#8211; Transcription du texte [EN] &#8211; Transcription du texte [FR]<\/p>\n\n\n\n<h3 class=\"has-medium-font-size wp-block-heading\">A. Jeunesse en mouvement<\/h3>\n\n\n\n<p><strong>Liens vers les sessions d&#8217;intervention<\/strong>: Vid\u00e9o &#8211; Audio &#8211; Transcription du texte [EN] &#8211; Transcription du texte [FR]<\/p>\n\n\n\n<p><a href=\"https:\/\/www.paperturn-view.com\/uk\/ai4development\/africa-innovates-magazine-ai4dev?pid=MTE114120&amp;v=1.8\" target=\"_blank\" rel=\"noreferrer noopener\">50 Homegrown African Innovations Tackling COVID-19<\/a> &#8211; UNDP Africa Innovates Magazine<\/p>\n\n\n\n<p><a href=\"https:\/\/guardian.ng\/apo-press-releases\/the-africa-enterprise-challenge-fund-aecf-international-finance-corporation-ifc-launch-global-competition-for-private-sector-and-social-enterprises-in-kenyas-kakuma-refugee-hosting-area\/\" target=\"_blank\" rel=\"noreferrer noopener\">The Africa Enterprise Challenge Fund (AECF), International Finance Corporation (IFC) launch Global Competition for Private Sector and Social Enterprises in Kenya\u2019s Kakuma Refugee Hosting Area<\/a> &#8211; The Guardian Nigeria<\/p>\n\n\n\n<p><a href=\"https:\/\/www.euractiv.com\/section\/digital\/news\/fintech-may-bring-solutions-to-refugees-excluded-from-financial-services-report-says\/\" target=\"_blank\" rel=\"noreferrer noopener\">FinTech may bring solutions to refugees excluded from financial services, report says<\/a> &#8211; Euractiv<\/p>\n\n\n\n<p><a href=\"https:\/\/www.borgenmagazine.com\/identification-technology\/\" target=\"_blank\" rel=\"noreferrer noopener\">How Identification Technology is Aiding the Refugee Crisis<\/a> &#8211; Borgen Magazine<\/p>\n\n\n\n<h3 class=\"has-medium-font-size wp-block-heading\">B. Paix et r\u00e9solution des conflits<\/h3>\n\n\n\n<p><strong>Liens vers les sessions d&#8217;intervention<\/strong>: Vid\u00e9o &#8211; Audio &#8211; Transcription du texte [EN] &#8211; Transcription du texte [FR]<\/p>\n\n\n\n<p><a href=\"https:\/\/www.generationunlimited.org\/stories\/young-nigerian-people-turn-their-ideas-projects-help-their-communities\" target=\"_blank\" rel=\"noreferrer noopener\">Young Nigerian people turn their ideas into projects that help their communities<\/a> &#8211; GenU Goodwall<\/p>\n\n\n\n<p><a href=\"https:\/\/africa.com\/meet-the-winners-of-africa-coms-brilliant-african-innovations-against-covid-19-competition\/\" target=\"_blank\" rel=\"noreferrer noopener\">Meet the Winners of Africa.com\u2019s Brilliant African Innovations Against COVID-19 Competition<\/a> (with video) &#8211; Africa.com<\/p>\n\n\n\n<figure class=\"wp-block-image\"><img decoding=\"async\" loading=\"lazy\" width=\"1024\" height=\"465\" src=\"https:\/\/www.goodwall.io\/bettertogetherafrica\/wp-content\/uploads\/sites\/9\/2020\/12\/BetterTogether-Africa-1024x465.jpg\" alt=\"BetterTogether Africa challenge program resources prizes\" class=\"wp-image-294\" srcset=\"https:\/\/www.goodwall.io\/bettertogetherafrica\/wp-content\/uploads\/sites\/9\/2020\/12\/BetterTogether-Africa-1024x465.jpg 1024w, https:\/\/www.goodwall.io\/bettertogetherafrica\/wp-content\/uploads\/sites\/9\/2020\/12\/BetterTogether-Africa-300x136.jpg 300w, https:\/\/www.goodwall.io\/bettertogetherafrica\/wp-content\/uploads\/sites\/9\/2020\/12\/BetterTogether-Africa-768x349.jpg 768w, https:\/\/www.goodwall.io\/bettertogetherafrica\/wp-content\/uploads\/sites\/9\/2020\/12\/BetterTogether-Africa.jpg 1200w\" sizes=\"(max-width: 1024px) 100vw, 1024px\" \/><\/figure>\n","protected":false},"excerpt":{"rendered":"<p>Pour compl\u00e9ter les diff\u00e9rents d\u00e9fis et les sessions d&#8217;intervenants qui composent le programme MieuxEnsembleAfrique, nous avons cr\u00e9\u00e9 un contenu pertinent li\u00e9 \u00e0 chaque sujet et sous-th\u00e8me individuel. De plus, si vous avez manqu\u00e9 une session ou si vous voulez tout voir, vous trouverez ci-dessous des liens vers chaque vid\u00e9o, ainsi que des versions audio et [&hellip;]<\/p>\n","protected":false},"author":4,"featured_media":294,"parent":0,"menu_order":0,"comment_status":"closed","ping_status":"closed","template":"","meta":[],"acf":[],"yoast_head":"<!-- This site is optimized with the Yoast SEO plugin v20.10 - https:\/\/yoast.com\/wordpress\/plugins\/seo\/ -->\n<title>Ressources - BetterTogether Africa<\/title>\n<meta name=\"description\" content=\"Pour compl\u00e9ter les diff\u00e9rents d\u00e9fis et les sessions d&#039;intervenants qui composent le programme MieuxEnsembleAfrique.\" \/>\n<meta name=\"robots\" content=\"index, follow, max-snippet:-1, max-image-preview:large, max-video-preview:-1\" \/>\n<link rel=\"canonical\" href=\"https:\/\/www.goodwall.io\/bettertogetherafrica\/fr\/ressources\/\" \/>\n<meta property=\"og:locale\" content=\"en_US\" \/>\n<meta property=\"og:type\" content=\"article\" \/>\n<meta property=\"og:title\" content=\"Ressources - BetterTogether Africa\" \/>\n<meta property=\"og:description\" content=\"Pour compl\u00e9ter les diff\u00e9rents d\u00e9fis et les sessions d&#039;intervenants qui composent le programme MieuxEnsembleAfrique.\" \/>\n<meta property=\"og:url\" content=\"https:\/\/www.goodwall.io\/bettertogetherafrica\/fr\/ressources\/\" \/>\n<meta property=\"og:site_name\" content=\"BetterTogether Africa\" \/>\n<meta property=\"article:publisher\" content=\"https:\/\/www.facebook.com\/goodwallapp\" \/>\n<meta property=\"og:image\" content=\"https:\/\/www.goodwall.io\/bettertogetherafrica\/wp-content\/uploads\/sites\/9\/2020\/12\/BetterTogether-Africa.jpg\" \/>\n\t<meta property=\"og:image:width\" content=\"1200\" \/>\n\t<meta property=\"og:image:height\" content=\"545\" \/>\n\t<meta property=\"og:image:type\" content=\"image\/jpeg\" \/>\n<meta name=\"twitter:card\" content=\"summary_large_image\" \/>\n<meta name=\"twitter:site\" content=\"@Goodwall\" \/>\n<script type=\"application\/ld+json\" class=\"yoast-schema-graph\">{\"@context\":\"https:\/\/schema.org\",\"@graph\":[{\"@type\":\"WebPage\",\"@id\":\"https:\/\/www.goodwall.io\/bettertogetherafrica\/fr\/ressources\/\",\"url\":\"https:\/\/www.goodwall.io\/bettertogetherafrica\/fr\/ressources\/\",\"name\":\"Ressources - BetterTogether Africa\",\"isPartOf\":{\"@id\":\"https:\/\/www.goodwall.io\/bettertogetherafrica\/#website\"},\"datePublished\":\"2020-12-04T07:49:36+00:00\",\"dateModified\":\"2020-12-04T07:49:36+00:00\",\"description\":\"Pour compl\u00e9ter les diff\u00e9rents d\u00e9fis et les sessions d'intervenants qui composent le programme MieuxEnsembleAfrique.\",\"breadcrumb\":{\"@id\":\"https:\/\/www.goodwall.io\/bettertogetherafrica\/fr\/ressources\/#breadcrumb\"},\"inLanguage\":\"en-US\",\"potentialAction\":[{\"@type\":\"ReadAction\",\"target\":[\"https:\/\/www.goodwall.io\/bettertogetherafrica\/fr\/ressources\/\"]}]},{\"@type\":\"BreadcrumbList\",\"@id\":\"https:\/\/www.goodwall.io\/bettertogetherafrica\/fr\/ressources\/#breadcrumb\",\"itemListElement\":[{\"@type\":\"ListItem\",\"position\":1,\"name\":\"Home\",\"item\":\"https:\/\/www.goodwall.io\/bettertogetherafrica\/\"},{\"@type\":\"ListItem\",\"position\":2,\"name\":\"Ressources\"}]},{\"@type\":\"WebSite\",\"@id\":\"https:\/\/www.goodwall.io\/bettertogetherafrica\/#website\",\"url\":\"https:\/\/www.goodwall.io\/bettertogetherafrica\/\",\"name\":\"BetterTogether Africa\",\"description\":\"Three weeks of challenges, speakers, and prizes.\",\"publisher\":{\"@id\":\"https:\/\/www.goodwall.io\/bettertogetherafrica\/#organization\"},\"potentialAction\":[{\"@type\":\"SearchAction\",\"target\":{\"@type\":\"EntryPoint\",\"urlTemplate\":\"https:\/\/www.goodwall.io\/bettertogetherafrica\/?s={search_term_string}\"},\"query-input\":\"required name=search_term_string\"}],\"inLanguage\":\"en-US\"},{\"@type\":\"Organization\",\"@id\":\"https:\/\/www.goodwall.io\/bettertogetherafrica\/#organization\",\"name\":\"Goodwall\",\"url\":\"https:\/\/www.goodwall.io\/bettertogetherafrica\/\",\"logo\":{\"@type\":\"ImageObject\",\"inLanguage\":\"en-US\",\"@id\":\"https:\/\/www.goodwall.io\/bettertogetherafrica\/#\/schema\/logo\/image\/\",\"url\":\"https:\/\/www.goodwall.io\/bettertogetherafrica\/wp-content\/uploads\/sites\/9\/2020\/11\/goodwall-logo-2019.png\",\"contentUrl\":\"https:\/\/www.goodwall.io\/bettertogetherafrica\/wp-content\/uploads\/sites\/9\/2020\/11\/goodwall-logo-2019.png\",\"width\":3081,\"height\":561,\"caption\":\"Goodwall\"},\"image\":{\"@id\":\"https:\/\/www.goodwall.io\/bettertogetherafrica\/#\/schema\/logo\/image\/\"},\"sameAs\":[\"https:\/\/www.facebook.com\/goodwallapp\",\"https:\/\/twitter.com\/Goodwall\",\"https:\/\/instagram.com\/goodwallapp\",\"https:\/\/www.linkedin.com\/company\/goodwall\/\",\"https:\/\/www.youtube.com\/channel\/UCVTAXpA-MqFgm2s6dxH8Sqw\",\"https:\/\/en.wikipedia.org\/wiki\/Goodwall\"]}]}<\/script>\n<!-- \/ Yoast SEO plugin. -->","yoast_head_json":{"title":"Ressources - BetterTogether Africa","description":"Pour compl\u00e9ter les diff\u00e9rents d\u00e9fis et les sessions d'intervenants qui composent le programme MieuxEnsembleAfrique.","robots":{"index":"index","follow":"follow","max-snippet":"max-snippet:-1","max-image-preview":"max-image-preview:large","max-video-preview":"max-video-preview:-1"},"canonical":"https:\/\/www.goodwall.io\/bettertogetherafrica\/fr\/ressources\/","og_locale":"en_US","og_type":"article","og_title":"Ressources - BetterTogether Africa","og_description":"Pour compl\u00e9ter les diff\u00e9rents d\u00e9fis et les sessions d'intervenants qui composent le programme MieuxEnsembleAfrique.","og_url":"https:\/\/www.goodwall.io\/bettertogetherafrica\/fr\/ressources\/","og_site_name":"BetterTogether Africa","article_publisher":"https:\/\/www.facebook.com\/goodwallapp","og_image":[{"width":1200,"height":545,"url":"https:\/\/www.goodwall.io\/bettertogetherafrica\/wp-content\/uploads\/sites\/9\/2020\/12\/BetterTogether-Africa.jpg","type":"image\/jpeg"}],"twitter_card":"summary_large_image","twitter_site":"@Goodwall","schema":{"@context":"https:\/\/schema.org","@graph":[{"@type":"WebPage","@id":"https:\/\/www.goodwall.io\/bettertogetherafrica\/fr\/ressources\/","url":"https:\/\/www.goodwall.io\/bettertogetherafrica\/fr\/ressources\/","name":"Ressources - BetterTogether Africa","isPartOf":{"@id":"https:\/\/www.goodwall.io\/bettertogetherafrica\/#website"},"datePublished":"2020-12-04T07:49:36+00:00","dateModified":"2020-12-04T07:49:36+00:00","description":"Pour compl\u00e9ter les diff\u00e9rents d\u00e9fis et les sessions d'intervenants qui composent le programme MieuxEnsembleAfrique.","breadcrumb":{"@id":"https:\/\/www.goodwall.io\/bettertogetherafrica\/fr\/ressources\/#breadcrumb"},"inLanguage":"en-US","potentialAction":[{"@type":"ReadAction","target":["https:\/\/www.goodwall.io\/bettertogetherafrica\/fr\/ressources\/"]}]},{"@type":"BreadcrumbList","@id":"https:\/\/www.goodwall.io\/bettertogetherafrica\/fr\/ressources\/#breadcrumb","itemListElement":[{"@type":"ListItem","position":1,"name":"Home","item":"https:\/\/www.goodwall.io\/bettertogetherafrica\/"},{"@type":"ListItem","position":2,"name":"Ressources"}]},{"@type":"WebSite","@id":"https:\/\/www.goodwall.io\/bettertogetherafrica\/#website","url":"https:\/\/www.goodwall.io\/bettertogetherafrica\/","name":"BetterTogether Africa","description":"Three weeks of challenges, speakers, and prizes.","publisher":{"@id":"https:\/\/www.goodwall.io\/bettertogetherafrica\/#organization"},"potentialAction":[{"@type":"SearchAction","target":{"@type":"EntryPoint","urlTemplate":"https:\/\/www.goodwall.io\/bettertogetherafrica\/?s={search_term_string}"},"query-input":"required name=search_term_string"}],"inLanguage":"en-US"},{"@type":"Organization","@id":"https:\/\/www.goodwall.io\/bettertogetherafrica\/#organization","name":"Goodwall","url":"https:\/\/www.goodwall.io\/bettertogetherafrica\/","logo":{"@type":"ImageObject","inLanguage":"en-US","@id":"https:\/\/www.goodwall.io\/bettertogetherafrica\/#\/schema\/logo\/image\/","url":"https:\/\/www.goodwall.io\/bettertogetherafrica\/wp-content\/uploads\/sites\/9\/2020\/11\/goodwall-logo-2019.png","contentUrl":"https:\/\/www.goodwall.io\/bettertogetherafrica\/wp-content\/uploads\/sites\/9\/2020\/11\/goodwall-logo-2019.png","width":3081,"height":561,"caption":"Goodwall"},"image":{"@id":"https:\/\/www.goodwall.io\/bettertogetherafrica\/#\/schema\/logo\/image\/"},"sameAs":["https:\/\/www.facebook.com\/goodwallapp","https:\/\/twitter.com\/Goodwall","https:\/\/instagram.com\/goodwallapp","https:\/\/www.linkedin.com\/company\/goodwall\/","https:\/\/www.youtube.com\/channel\/UCVTAXpA-MqFgm2s6dxH8Sqw","https:\/\/en.wikipedia.org\/wiki\/Goodwall"]}]}},"_links":{"self":[{"href":"https:\/\/www.goodwall.io\/bettertogetherafrica\/wp-json\/wp\/v2\/pages\/327"}],"collection":[{"href":"https:\/\/www.goodwall.io\/bettertogetherafrica\/wp-json\/wp\/v2\/pages"}],"about":[{"href":"https:\/\/www.goodwall.io\/bettertogetherafrica\/wp-json\/wp\/v2\/types\/page"}],"author":[{"embeddable":true,"href":"https:\/\/www.goodwall.io\/bettertogetherafrica\/wp-json\/wp\/v2\/users\/4"}],"replies":[{"embeddable":true,"href":"https:\/\/www.goodwall.io\/bettertogetherafrica\/wp-json\/wp\/v2\/comments?post=327"}],"version-history":[{"count":2,"href":"https:\/\/www.goodwall.io\/bettertogetherafrica\/wp-json\/wp\/v2\/pages\/327\/revisions"}],"predecessor-version":[{"id":329,"href":"https:\/\/www.goodwall.io\/bettertogetherafrica\/wp-json\/wp\/v2\/pages\/327\/revisions\/329"}],"wp:featuredmedia":[{"embeddable":true,"href":"https:\/\/www.goodwall.io\/bettertogetherafrica\/wp-json\/wp\/v2\/media\/294"}],"wp:attachment":[{"href":"https:\/\/www.goodwall.io\/bettertogetherafrica\/wp-json\/wp\/v2\/media?parent=327"}],"curies":[{"name":"wp","href":"https:\/\/api.w.org\/{rel}","templated":true}]}}