{"id":163,"date":"2020-06-08T22:13:43","date_gmt":"2020-06-08T21:13:43","guid":{"rendered":"https:\/\/www.goodwall.io\/l\/?page_id=163"},"modified":"2021-07-22T07:36:43","modified_gmt":"2021-07-22T06:36:43","slug":"open-17-summer-challenge","status":"publish","type":"page","link":"https:\/\/www.goodwall.io\/l\/open-17-summer-challenge\/","title":{"rendered":"Open 17 Summer Challenge"},"content":{"rendered":"\n<h4 class=\"wp-block-heading\">Rewards<\/h4>\n\n\n\n<ul><li>Training and mentoring sessions with international experts and coaches<\/li><li>A certificate from all host universities (Universit\u00e9 de Paris, Universit\u00e9 de Gen\u00e8ve, NYU, and Tsinghua University)<\/li><li>6ECTS credits from the University of Geneva.<\/li><\/ul>\n\n\n\n<h4 class=\"wp-block-heading\">How to participate:<\/h4>\n\n\n\n<ol><li><strong>Download<\/strong> Goodwall<br>\n<div class=\"store-buttons-section\">\n    <div class=\"store-button-box\">\n      <a rel=\"noreferrer noopener\" target=\"_blank\" href=\"https:\/\/apps.apple.com\/us\/app\/goodwall\/id857868585\" class=\"app-store-btn\">\n        <img src=\"https:\/\/www.goodwall.io\/l\/wp-content\/themes\/goodwallparent\/images\/app-store.svg\" \/>\n      <\/a>\n    <\/div>\n    <div class=\"store-button-box\">\n      <a rel=\"noreferrer noopener\" target=\"_blank\" href=\"https:\/\/play.google.com\/store\/apps\/details?id=org.goodwall.app&amp;hl=en\" class=\"play-store-btn\">\n        <img src=\"https:\/\/www.goodwall.io\/l\/wp-content\/themes\/goodwallparent\/images\/play-store.svg\" \/>\n      <\/a>\n    <\/div>\n<\/div>\n<\/li><li><strong>Complete<\/strong> your profile. Include relevant information such as your university, field of study, and graduation date, if applicable.<\/li><li><strong>Pitch<\/strong> an innovative idea on how to tackle the aftermath of the COVID-19 crisis and create a positive impact in your local community or the world. You can pitch your idea individually, or as a team of up to 4 others (remember to tag them on the post!). The idea can either be a 60-second \u201c<a href=\"https:\/\/www.goodwall.io\/blog\/introducing-virtual-elevator-pitches\/\">virtual elevator pitch<\/a>\u201d video or a written post (150 words or less).<\/li><li>&nbsp;<strong>Add<\/strong> the keyword \u201cO17 Summer 2020&#8243;<\/li><\/ol>\n\n\n\n<p><br><strong>Your idea should address one of the following challenges:<\/strong><\/p>\n\n\n\n<ol><li>Frugal Medical Equipment for Covid<\/li><li>Crowdsourcing for Pandemic Research<\/li><li>Post-Pandemic Sustainability<\/li><li>Good Work Through Crowdsourcing <\/li><li>Caring for the Elderly <\/li><li>Reinventing Remote Collaboration<\/li><\/ol>\n\n\n\n<p><\/p>\n\n\n\n<p>For more detailed information on each of the challenges,\u00a0<a rel=\"noreferrer noopener\" href=\"http:\/\/openseventeen.org\/summer2020\/index.html#galleries\" target=\"_blank\">click here<\/a>.\u00a0<\/p>\n","protected":false},"excerpt":{"rendered":"<p>Rewards Training and mentoring sessions with international experts and coaches A certificate from all host universities (Universit\u00e9 de Paris, Universit\u00e9 de Gen\u00e8ve, NYU, and Tsinghua University) 6ECTS credits from the University of Geneva. How to participate: Download Goodwall Complete your profile. Include relevant information such as your university, field of study, and graduation date, if [&hellip;]<\/p>\n","protected":false},"author":11,"featured_media":170,"parent":0,"menu_order":0,"comment_status":"closed","ping_status":"closed","template":"page-micro-landing.php","meta":[],"acf":[],"yoast_head":"<!-- This site is optimized with the Yoast SEO plugin v20.10 - https:\/\/yoast.com\/wordpress\/plugins\/seo\/ -->\n<title>Open 17 Summer Challenge - Goodwall Landing Pages<\/title>\n<meta name=\"robots\" content=\"index, follow, max-snippet:-1, max-image-preview:large, max-video-preview:-1\" \/>\n<link rel=\"canonical\" href=\"https:\/\/www.goodwall.io\/l\/open-17-summer-challenge\/\" \/>\n<meta property=\"og:locale\" content=\"en_US\" \/>\n<meta property=\"og:type\" content=\"article\" \/>\n<meta property=\"og:title\" content=\"Open 17 Summer Challenge - Goodwall Landing Pages\" \/>\n<meta property=\"og:description\" content=\"Rewards Training and mentoring sessions with international experts and coaches A certificate from all host universities (Universit\u00e9 de Paris, Universit\u00e9 de Gen\u00e8ve, NYU, and Tsinghua University) 6ECTS credits from the University of Geneva. How to participate: Download Goodwall Complete your profile. Include relevant information such as your university, field of study, and graduation date, if [&hellip;]\" \/>\n<meta property=\"og:url\" content=\"https:\/\/www.goodwall.io\/l\/open-17-summer-challenge\/\" \/>\n<meta property=\"og:site_name\" content=\"Goodwall Landing Pages\" \/>\n<meta property=\"article:publisher\" content=\"https:\/\/www.facebook.com\/goodwallapp\" \/>\n<meta property=\"article:modified_time\" content=\"2021-07-22T06:36:43+00:00\" \/>\n<meta property=\"og:image\" content=\"https:\/\/i2.wp.com\/www.goodwall.io\/l\/wp-content\/uploads\/sites\/6\/2020\/06\/cu-SQUARE-OpenSeventen-awards-1a.jpg?fit=1920%2C1920&ssl=1\" \/>\n\t<meta property=\"og:image:width\" content=\"1920\" \/>\n\t<meta property=\"og:image:height\" content=\"1920\" \/>\n\t<meta property=\"og:image:type\" content=\"image\/jpeg\" \/>\n<meta name=\"twitter:card\" content=\"summary_large_image\" \/>\n<meta name=\"twitter:site\" content=\"@Goodwall\" \/>\n<script type=\"application\/ld+json\" class=\"yoast-schema-graph\">{\"@context\":\"https:\/\/schema.org\",\"@graph\":[{\"@type\":\"WebPage\",\"@id\":\"https:\/\/www.goodwall.io\/l\/open-17-summer-challenge\/\",\"url\":\"https:\/\/www.goodwall.io\/l\/open-17-summer-challenge\/\",\"name\":\"Open 17 Summer Challenge - Goodwall Landing Pages\",\"isPartOf\":{\"@id\":\"https:\/\/www.goodwall.io\/l\/#website\"},\"datePublished\":\"2020-06-08T21:13:43+00:00\",\"dateModified\":\"2021-07-22T06:36:43+00:00\",\"breadcrumb\":{\"@id\":\"https:\/\/www.goodwall.io\/l\/open-17-summer-challenge\/#breadcrumb\"},\"inLanguage\":\"en-US\",\"potentialAction\":[{\"@type\":\"ReadAction\",\"target\":[\"https:\/\/www.goodwall.io\/l\/open-17-summer-challenge\/\"]}]},{\"@type\":\"BreadcrumbList\",\"@id\":\"https:\/\/www.goodwall.io\/l\/open-17-summer-challenge\/#breadcrumb\",\"itemListElement\":[{\"@type\":\"ListItem\",\"position\":1,\"name\":\"Home\",\"item\":\"https:\/\/www.goodwall.io\/l\/\"},{\"@type\":\"ListItem\",\"position\":2,\"name\":\"Open 17 Summer Challenge\"}]},{\"@type\":\"WebSite\",\"@id\":\"https:\/\/www.goodwall.io\/l\/#website\",\"url\":\"https:\/\/www.goodwall.io\/l\/\",\"name\":\"Goodwall Landing Pages\",\"description\":\"\",\"potentialAction\":[{\"@type\":\"SearchAction\",\"target\":{\"@type\":\"EntryPoint\",\"urlTemplate\":\"https:\/\/www.goodwall.io\/l\/?s={search_term_string}\"},\"query-input\":\"required name=search_term_string\"}],\"inLanguage\":\"en-US\"}]}<\/script>\n<!-- \/ Yoast SEO plugin. -->","yoast_head_json":{"title":"Open 17 Summer Challenge - Goodwall Landing Pages","robots":{"index":"index","follow":"follow","max-snippet":"max-snippet:-1","max-image-preview":"max-image-preview:large","max-video-preview":"max-video-preview:-1"},"canonical":"https:\/\/www.goodwall.io\/l\/open-17-summer-challenge\/","og_locale":"en_US","og_type":"article","og_title":"Open 17 Summer Challenge - Goodwall Landing Pages","og_description":"Rewards Training and mentoring sessions with international experts and coaches A certificate from all host universities (Universit\u00e9 de Paris, Universit\u00e9 de Gen\u00e8ve, NYU, and Tsinghua University) 6ECTS credits from the University of Geneva. How to participate: Download Goodwall Complete your profile. Include relevant information such as your university, field of study, and graduation date, if [&hellip;]","og_url":"https:\/\/www.goodwall.io\/l\/open-17-summer-challenge\/","og_site_name":"Goodwall Landing Pages","article_publisher":"https:\/\/www.facebook.com\/goodwallapp","article_modified_time":"2021-07-22T06:36:43+00:00","og_image":[{"width":1920,"height":1920,"url":"https:\/\/i2.wp.com\/www.goodwall.io\/l\/wp-content\/uploads\/sites\/6\/2020\/06\/cu-SQUARE-OpenSeventen-awards-1a.jpg?fit=1920%2C1920&ssl=1","type":"image\/jpeg"}],"twitter_card":"summary_large_image","twitter_site":"@Goodwall","schema":{"@context":"https:\/\/schema.org","@graph":[{"@type":"WebPage","@id":"https:\/\/www.goodwall.io\/l\/open-17-summer-challenge\/","url":"https:\/\/www.goodwall.io\/l\/open-17-summer-challenge\/","name":"Open 17 Summer Challenge - Goodwall Landing Pages","isPartOf":{"@id":"https:\/\/www.goodwall.io\/l\/#website"},"datePublished":"2020-06-08T21:13:43+00:00","dateModified":"2021-07-22T06:36:43+00:00","breadcrumb":{"@id":"https:\/\/www.goodwall.io\/l\/open-17-summer-challenge\/#breadcrumb"},"inLanguage":"en-US","potentialAction":[{"@type":"ReadAction","target":["https:\/\/www.goodwall.io\/l\/open-17-summer-challenge\/"]}]},{"@type":"BreadcrumbList","@id":"https:\/\/www.goodwall.io\/l\/open-17-summer-challenge\/#breadcrumb","itemListElement":[{"@type":"ListItem","position":1,"name":"Home","item":"https:\/\/www.goodwall.io\/l\/"},{"@type":"ListItem","position":2,"name":"Open 17 Summer Challenge"}]},{"@type":"WebSite","@id":"https:\/\/www.goodwall.io\/l\/#website","url":"https:\/\/www.goodwall.io\/l\/","name":"Goodwall Landing Pages","description":"","potentialAction":[{"@type":"SearchAction","target":{"@type":"EntryPoint","urlTemplate":"https:\/\/www.goodwall.io\/l\/?s={search_term_string}"},"query-input":"required name=search_term_string"}],"inLanguage":"en-US"}]}},"_links":{"self":[{"href":"https:\/\/www.goodwall.io\/l\/wp-json\/wp\/v2\/pages\/163"}],"collection":[{"href":"https:\/\/www.goodwall.io\/l\/wp-json\/wp\/v2\/pages"}],"about":[{"href":"https:\/\/www.goodwall.io\/l\/wp-json\/wp\/v2\/types\/page"}],"author":[{"embeddable":true,"href":"https:\/\/www.goodwall.io\/l\/wp-json\/wp\/v2\/users\/11"}],"replies":[{"embeddable":true,"href":"https:\/\/www.goodwall.io\/l\/wp-json\/wp\/v2\/comments?post=163"}],"version-history":[{"count":0,"href":"https:\/\/www.goodwall.io\/l\/wp-json\/wp\/v2\/pages\/163\/revisions"}],"wp:featuredmedia":[{"embeddable":true,"href":"https:\/\/www.goodwall.io\/l\/wp-json\/wp\/v2\/media\/170"}],"wp:attachment":[{"href":"https:\/\/www.goodwall.io\/l\/wp-json\/wp\/v2\/media?parent=163"}],"curies":[{"name":"wp","href":"https:\/\/api.w.org\/{rel}","templated":true}]}}